et i = s + -18. Suppose -5 + i = 2*w. Calculate the highest common factor of 81 and w.
9
Suppose 22 = 4*u - 30. What is the greatest common divisor of u and 117?
13
Suppose -10*h + 5*h + 75 = 0. What is the highest common factor of h and 45?
15
Let z = -58 - -64. What is the highest common divisor of z and 30?
6
Let b(w) = -w**3 + 12*w**2 - 24*w - 2. Let a be b(4). Let i be (-4856)/(-18) + (-2)/(-9). Calculate the greatest common divisor of a and i.
30
Suppose -6*i + 78 = -0*i. Suppose p - 312 = -2*p. What is the highest common divisor of p and i?
13
Let c be 3/(-6) + (-87)/6. Let o be (-1653)/c - (-1)/(-5). What is the greatest common factor of 10 and o?
10
Let w be 11 - ((-14)/21)/(4/(-6)). Suppose 95 = q + 6*r - r, -2*r + 86 = q. Calculate the highest common factor of q and w.
10
Suppose z + 35 = -3*i, i + z + z + 10 = 0. Let s be (-99)/(-6) - (-6)/i. Calculate the highest common factor of 2 and s.
2
Suppose 3*n - n = 3*r - 26, -2*r = -3*n - 19. Calculate the highest common factor of r and 40.
8
Let t = 374 - 264. Calculate the greatest common divisor of t and 55.
55
Suppose -96 = -2*t + t. Suppose -5*h - 15 = o, 4*h = -5*o + 2*h + 17. Suppose o*b = -21 + t. What is the greatest common divisor of b and 6?
3
Suppose 6*p - 3*p = 105. Let r(u) = u**2 + 2*u + 3. Let x be r(-2). Let n(t) = t**3 - 5*t + 2. Let v be n(x). Calculate the greatest common divisor of p and v.
7
Let h be (-522)/3*(-10)/(-4). Let l = -246 - h. What is the highest common divisor of l and 27?
27
Suppose s - 5*s = y + 53, -y = 5*s + 66. Let h = 23 + s. Suppose -2*q = -21 - 9. What is the highest common divisor of h and q?
5
Let r(h) = 2*h**2 - 8. Let s be r(4). Let b = s + -8. Calculate the highest common factor of 8 and b.
8
Let x be 8/(-20) - (-32)/5. Let s(w) = w**3 - 4*w**2 - 6*w + 8. Let c be s(x). What is the greatest common factor of c and 4?
4
Suppose 4*g - 2 = 42. Calculate the greatest common factor of g and 110.
11
Let v = 41 + 9. Calculate the highest common factor of 75 and v.
25
Let i = 56 + -35. Calculate the highest common divisor of i and 14.
7
Let g(t) = t**3 - 4*t**2 + 3*t - 7. Let j be g(4). Suppose -j*n + n + 15 = f, 3*f - n = 32. What is the greatest common divisor of 44 and f?
11
Let m be 56/10 - 2/(-5). Let c be (2/(-4))/((-1)/(-108)). Let f be c/(-24)*(-40)/(-3). What is the greatest common divisor of m and f?
6
Suppose -5*d = -2 - 3. Let j = 91 - 80. Calculate the highest common factor of d and j.
1
Let y be (-6)/(-4)*2/3. Suppose -21 = 5*v - y. Let o be ((-3)/v)/(3/12). Calculate the highest common factor of o and 15.
3
Suppose 2*p = 5*q - 132, -5*q + 3*p - 7*p = -126. Suppose 6*k + 286 - 598 = 0. Calculate the highest common factor of q and k.
26
Suppose -2*y + 4 = m, 0*m + m - 5*y - 25 = 0. Let h be 39 - ((-6)/(-2))/(-3). Calculate the highest common factor of h and m.
10
Let q = -16 - -906. Suppose 0 = -4*u - 12, 2*b - q = 4*u - 238. Suppose b = 3*s + s. What is the greatest common factor of s and 32?
16
Suppose 0 = 4*u - 9*u - 5. Let i = 9 + u. What is the greatest common divisor of i and 56?
8
Suppose 0 = -x - 4*x + 210. What is the highest common factor of x and 28?
14
Let d = 7 - 6. Let o(u) = -u**3 + 2*u**2 - u. Let r be o(d). Suppose -l + 4*l - 96 = r. Calculate the greatest common factor of 4 and l.
4
Let t = 60 + 2. Suppose -338 - t = -5*z. What is the greatest common divisor of z and 32?
16
Suppose -3 = 2*w - 9. What is the greatest common divisor of w and 3?
3
Let x(y) = 9*y**3 - 1. Let f be x(1). Let l(d) = -d**2 + 2*d - f*d + 4 + 0*d. Let t be l(-6). What is the highest common divisor of 10 and t?
2
Suppose 0 = -s - 3 + 33. Let c be ((-4)/(-3))/(2/30). Calculate the greatest common divisor of c and s.
10
Let g = 221 + -42. Suppose -p + g = 39. What is the greatest common divisor of p and 28?
28
Let n(f) = f**3 - 3*f**2 - 7*f - 9. Let b be n(5). Suppose 0 = -i + 2 + 2. Calculate the highest common factor of i and b.
2
Let x(w) = -w**3 + 2*w**2 + 4*w - 1. Let l be x(-3). Suppose -90 = -0*i - 5*i. Let r be (-16)/(-3)*i/12. What is the greatest common factor of l and r?
8
Suppose -6*w = -11*w + 975. Calculate the highest common divisor of 15 and w.
15
Let l = 12 - -58. What is the greatest common divisor of 14 and l?
14
Let k be ((-3)/6)/(1/(-10)). Suppose 2*l = -0*l - 4*s + 794, -s - 1996 = -k*l. Suppose -251 = -5*u + l. Calculate the greatest common divisor of u and 26.
26
Suppose -3*i + 11 = -1. Let v be 706/8 + 1/(-4). Suppose -i*u + v = -2*u. Calculate the greatest common factor of 4 and u.
4
Suppose -4*q - z + 53 = 0, -3*q - 2*z - 26 = -72. What is the highest common factor of q and 18?
6
Let m(u) be the first derivative of 44*u**3/3 + u + 2. Let w be m(-1). Let x = 8 + 10. What is the greatest common factor of w and x?
9
Let o(z) = 35*z + 9. Let t be o(4). Let k = t + -41. Suppose 0 = -3*p + 6*p - 36. What is the highest common factor of p and k?
12
Suppose q - 32 - 4 = 0. Calculate the greatest common divisor of 6 and q.
6
Let s be (3 - 1/(-1)*-1) + 46. What is the highest common divisor of s and 8?
8
Let c = 9 + -13. Let z(w) = 5*w + 3. Let h(y) = 26*y + 16. Let j(r) = 3*h(r) - 16*z(r). Let m be j(c). Calculate the greatest common divisor of m and 16.
8
Let k(w) = -w**3 + 19*w**2 + 21. Let v be k(19). What is the highest common divisor of 28 and v?
7
Suppose o = 2*n + 24, 5*n - 54 = -3*o + 2*n. Let k = 26 - 16. Calculate the greatest common factor of o and k.
10
Suppose 0 = 4*i - 5 + 13. Let d = 23 + i. What is the greatest common divisor of d and 7?
7
Let l be (45/(-12))/(1/(-28)). What is the greatest common factor of l and 15?
15
Let j(o) = o**3 - 9*o**2 - 11*o + 12. Let i be j(10). Suppose -3*d + 595 = i*d + 3*m, 4*m + 357 = 3*d. Calculate the greatest common factor of d and 17.
17
Suppose -2*g - 5*b + 200 = 0, 4*g = -3*b - 0*b + 428. Calculate the greatest common divisor of g and 165.
55
Let m(n) = n**2 + 16*n + 32. Let a be m(-14). Let g(i) = i**3 - 8*i**2 - 6*i + 1. Let u be g(9). What is the highest common divisor of u and a?
4
Let a(s) = s**2 + 5*s + 13. Let i be a(-13). Calculate the greatest common factor of 13 and i.
13
Suppose -2*u - u - 3 = -3*y, 3*y - 3 = 4*u. Let s = y + 16. Suppose d = -5*d + 204. What is the highest common factor of d and s?
17
Let j(v) = v**3 + 11*v**2 - 15*v + 12. Let y be j(-12). Calculate the highest common divisor of 8 and y.
8
Let f be (-3)/(-1) - (-4)/(-2). Let x be 0/2*(3 + -2). Suppose -3*c + 2 + 1 = x. What is the greatest common factor of f and c?
1
Let w = 292 - 165. Let j = w + -72. What is the highest common factor of 5 and j?
5
Suppose 2*o - 4*p = 19 + 7, -52 = -5*o - 3*p. What is the highest common divisor of 44 and o?
11
Let h be (-13 - -20)*(-6)/(-14). Suppose 10 = 2*j + h*a - 1, -3*j + 7 = -5*a. Calculate the greatest common factor of 36 and j.
4
Let r = 251 + -121. Calculate the highest common factor of 10 and r.
10
Let m(s) = -s**2 - 10*s + 20. Let q be m(-12). Let r(a) = a**3 + 5*a**2 + 4*a + 5. Let k be r(q). What is the greatest common factor of 1 and k?
1
Let n = 195 - 67. What is the greatest common divisor of n and 320?
64
Let f = -2 - -14. What is the greatest common factor of f and 3?
3
Let g(h) = h**2 + 10*h - 10. Let y be g(-12). Let u be (-4)/y + (-44)/(-7). Let d = u + 99. Calculate the greatest common divisor of d and 15.
15
Suppose k + 8*k = 63. What is the highest common factor of k and 2?
1
Let c be 0 - (3/2 - 11/2). What is the greatest common divisor of c and 16?
4
Let a be (-16)/6*(-63)/12. What is the highest common factor of a and 2?
2
Suppose 3*t - 2388 = -0*t. Suppose 0*f - 4*f + t = 0. Suppose -2*l = -f + 1. Calculate the highest common factor of l and 9.
9
Let i = 23 - 16. Suppose -i*j = -2*j - 45. Calculate the highest common factor of j and 99.
9
Let z be (-29 - 1)/(-20 + 19). What is the greatest common factor of 30 and z?
30
Let f = 366 - 157. Let k(q) = -q**2 + 15*q - 10. Let h be k(14). Suppose -16 = h*x - 92. Calculate the greatest common factor of f and x.
19
Let i(k) = 4 + 4 + k + 13*k. Let y be i(11). Suppose y = 4*j - 54. What is the greatest common divisor of j and 6?
6
Let o be 12*(4/2)/(-4). Let f = 4 - o. Suppose -4*a + 4 + 56 = 0. What is the greatest common factor of f and a?
5
Let m = -142 + 212. What is the highest common di